+ j. Suppose -3*b + 2*q = -39, b + 3*b - 51 = 3*q. What is the remainder when u is divided by b?
9
Let q = -140 - -144. Let i(g) = 2*g**3 + 4*g**2 - 12*g - 2. Calculate the remainder when i(q) is divided by 8.
6
Let t(w) = -w**3 - w + 142. Let g(i) = -8*i - 38. Let v(k) = -k**3 - 8*k**2 - 5*k - 47. Let d be v(-8). What is the remainder when t(0) is divided by g(d)?
16
Suppose 1596 = -108*o + 114*o. What is the remainder when o is divided by 236?
30
Let x = 412 - 225. Calculate the remainder when (-34 + 39)*24/5 is divided by x/22 + 1/2.
6
Let k be ((-12)/10)/((-3)/10). Let f be (7/2 - -1) + (-6)/k. Suppose m = 4*o - 6, 3*m = -f*o + 68 - 11. What is the remainder when m is divided by 6?
2
Suppose -12*z - 4*j + 16760 = -6*z, 0 = 4*z - 5*j - 11227. Calculate the remainder when z is divided by 100.
98
Let w(n) = -22 - 4985*n + 5009*n + 5. What is the remainder when w(7) is divided by 14?
11
Let o(q) = -16*q**2 + 15*q - 26. Let u(w) = -5*w**2 + 5*w - 9. Let f(k) = -3*o(k) + 8*u(k). Calculate the remainder when f(3) is divided by 8.
7
Let a be -3 + (-40)/(-15)*(-171)/6. Let v = a + 96. Let i = 182 + -82. Calculate the remainder when i is divided by v.
15
What is the remainder when ((-111)/24)/((-111)/2664) is divided by 57/2 - (-1)/(-2)?
27
Let i(b) = -5*b - 13. Let l be i(-3). Let n(d) = 7*d + l*d**2 + 15*d - 7*d - 3*d**2. What is the remainder when n(11) is divided by 16?
12
Calculate the remainder when 7/((-112)/15488)*(-3)/6 is divided by 66.
22
Suppose 763 = 7*y + 273. Calculate the remainder when 565 is divided by y.
5
Let y be (-14)/49 + (-848)/(-28). What is the remainder when 32 is divided by (27/(-45))/((-1)/y)?
14
Let i(d) = -5*d + 122. Let g be i(25). Calculate the remainder when (-388)/(-3) - 1/g*-1 is divided by 6.
3
Suppose 4*r - r = 21. Let o = -5 + r. Let l(y) = -y**2 - 32*y + 1126. Calculate the remainder when l(-53) is divided by o.
1
Let a(x) = 5*x + 1316. Calculate the remainder when a(-41) is divided by 370.
1
Let b = -605 + 677. Suppose 3*p = -d + 208, b = p - d + 4*d. What is the remainder when p is divided by 12?
9
Suppose -280*p = -297*p + 119. Let l(r) = 2*r**2 - 16*r. Let t be l(13). Let s = -76 + t. What is the remainder when s is divided by p?
5
Suppose 16*b + 3*b - 10545 = 0. Calculate the remainder when b is divided by 182.
9
What is the remainder when ((-57)/(-6))/(1018/(-340) + 3) is divided by 108?
103
Suppose 75*a + 283 = 2833. Calculate the remainder when 644 is divided by a.
32
Suppose 1154 - 154 = -20*s. What is the remainder when (-2)/(-5) - (2 - (-6280)/s) is divided by 23?
9
Let h(k) = 2*k**2 + 6*k + 10. Let m be h(-2). Suppose 3*f = 11*a - m*a + 279, 104 = f + 2*a. What is the remainder when 482 is divided by f?
90
Suppose 2 = -2*a - 0, 2*i + 2*a = 28. What is the remainder when 7 is divided by (0 - -2) + i + -13?
3
Suppose 68*z = 67*z + 738. What is the remainder when z is divided by 10?
8
Let v(h) = -3*h**3 - 41*h**2 - 13*h + 188. What is the remainder when 27 is divided by v(-13)?
8
Let m(h) = -2*h**3 + 26*h**2 - 64*h - 8. Calculate the remainder when 2365 is divided by m(9).
61
Suppose -o - 408 = 4*d, 4*d - 5*o + 233 = -199. Let x = d + 112. Suppose x*g - 12*g = -90. Calculate the remainder when g is divided by 8.
6
Suppose -1145 = -24*s + 5815. What is the remainder when 170 is divided by ((-10)/25)/((4/(-2))/s)?
54
Let f = -70 - -74. Let k be (-2 - 3)*(-648)/10. Suppose -3*p + x - 6 = -249, k = f*p - 4*x. What is the remainder when p is divided by 14?
11
Calculate the remainder when 1535 is divided by (((-15)/5)/3)/((-11)/88).
7
Suppose -45*z + 4988 = -2*z. Calculate the remainder when 692 is divided by z.
112
Suppose 22175 + 7541 = 76*n. What is the remainder when n is divided by 193?
5
Let g = 1807 - 1757. Calculate the remainder when g is divided by 23.
4
Suppose 0 = -u - 9*u - 980. Let i = 102 + u. Suppose i*j = 5*g + 107, -3*g + 0*g - 55 = -2*j. Calculate the remainder when 105 is divided by j.
13
Suppose l - 21 = 3*r + 49, 3*l + 3*r - 246 = 0. Suppose 0 = 2*y + j - 54, 4*y - 132 = -y - 4*j. What is the remainder when l is divided by y?
23
Let k be -1*7 + 36/2. Suppose k*l - 399 = -8*l. Calculate the remainder when l is divided by 7.
0
Suppose -4*s + 15 = 3. Suppose -5*u + 2*i = -s*i - 70, 3*u + 4*i - 14 = 0. What is the remainder when 62/3 + 1/3 is divided by u?
1
Suppose 0 = 59*m - 5287 - 25373 + 1101. What is the remainder when m is divided by 88?
61
Let a(k) = -k**3 - 49*k**2 + 15*k + 770. What is the remainder when 173 is divided by a(-49)?
33
Let g = 121 - 111. Suppose -2*b + 5*v - 9 = 0, 0 = -5*b - 5*v + 35 + 30. Let r(a) = 5*a + 18. Calculate the remainder when r(b) is divided by g.
8
Let h = -812 + 2270. Calculate the remainder when h is divided by 61.
55
Suppose 5*p + 1795 = -4*u, -4*p + 3*p = -u + 359. Calculate the remainder when 207/138 + p/(-2) is divided by 61.
59
Suppose -33 = c - 12*c. Suppose 4*y - 1 = 15. Suppose -s = -3*p - 18, -31 = -2*s + y*p - c. Calculate the remainder when 65 is divided by s.
5
Suppose 0 = 3*l - 441 - 621. Suppose -6*a + l = -18. What is the remainder when a is divided by 21?
20
What is the remainder when (6399/(-54))/((-6)/88 + 0) is divided by 60?
58
Let z = 25 + -10. Suppose -19*l + 308 = -927. What is the remainder when l is divided by z?
5
What is the remainder when -7*(-12)/210*(-283400)/(-80) is divided by 9?
4
Suppose -2*n = 2*n + 12, b = 5*n + 17. Suppose -5*a = -b*a + 33. Let v = a - -19. Calculate the remainder when 43 is divided by v.
3
Suppose 4*x - 1 = 15. Suppose -x*b - 2*f + 4*f = 306, 3*b = 5*f - 247. Let o = b - -112. What is the remainder when 263 is divided by o?
35
Let g(j) = -j**3 + 13*j**2 + 2*j - 20. Let r(l) = -2*l**3 - 23*l**2 + 14*l + 37. Let w be r(-12). What is the remainder when 29 is divided by g(w)?
5
Let m(y) = 2*y**2 - 2*y - 5. Suppose 12*h = -5*s + 8*h + 54, 2*s = -2*h + 22. Calculate the remainder when m(-4) is divided by s.
5
Let k(l) = 188*l - 96. What is the remainder when k(3) is divided by 94?
92
Suppose -4*x + 7 = -9. Suppose x*u = 3*u. Suppose -o + 146 = 3*o + 2*s, 2*o - 2*s - 82 = u. What is the remainder when o is divided by 13?
12
Suppose 6*a + 3*a - 175 - 95 = 0. What is the remainder when 2485 is divided by a?
25
Suppose -4*s - x = -126, -3*x + 130 = 4*s + 8. Suppose 772 - 126 = 17*u. Calculate the remainder when u is divided by s.
6
Suppose 0 = 4*i + 5*g - 33, 4*i + 0 = 3*g - 7. Suppose 608 = 17*k + i*k. What is the remainder when 254 is divided by k?
30
Suppose -s = 5*j + 334 - 1594, -2*j + 4*s + 526 = 0. What is the remainder when 593 is divided by j?
87
Let l(t) = -8*t - 1. Suppose 4*r = 4*v + 8, 0 = -3*v - 12 + 15. What is the remainder when l(-1) is divided by r?
1
Suppose 0 = 4*h - 3*h - 16. Let x = 131 + -132. What is the remainder when h is divided by 20 + -15 + 0 + x?
0
Let s(z) = z**2 + 3*z + 6. Let q be s(5). Suppose 38*c = q*c - 408. Calculate the remainder when 199 is divided by c.
46
Let q = 47 + -31. Let k be -2 - 37 - (1 + 4 + -2). Let v = k - -45. Calculate the remainder when q is divided by v.
1
Let y = 960 + 261. What is the remainder when y is divided by 26?
25
Suppose 2100 = 5*w - 5*t + 590, 3*w + 5*t = 930. Let l = 1032 - w. Suppose l = 6*y - 107. Calculate the remainder when y is divided by 28.
27
What is the remainder when 210/56*(91 - (-1)/(4 - 3)) is divided by 2?
1
Let b(v) = 2*v**2 + 9*v + 13. Suppose -13*h + 7 = -14*h. Let p be b(h). Calculate the remainder when 4 + (p - (-1 + -2)) is divided by 10.
5
Suppose -2*w = 3*z - 1065, -2*z - 12 = 2*z. What is the remainder when w is divided by 38?
5
Let h(n) = -2*n**3 + n**2 + n + 280. Let x be h(0). Let a be 27/3 + 2*1. Suppose -7*q = -a*q + x. Calculate the remainder when q is divided by 36.
34
Let f = -38 - 146. Let a = f + 206. Calculate the remainder when 58 is divided by a.
14
Suppose -689*i = -684*i - 30, 3*f + 5*i - 327 = 0. What is the remainder when 3262 is divided by f?
94
Let f(w) = -20*w**3 - 10*w**2 - 61*w - 85. What is the remainder when f(-5) is divided by 23?
9
Let i = 533 - 514. Suppose -288 = -3*y - 3*g, 4*y - 22*g - 391 = -i*g. Calculate the remainder when y is divided by 14.
13
Let k(a) = -2*a**3 + 33*a**2 + 23*a + 9. What is the remainder when k(13) is divided by 17?
12
Suppose 0 = -4*s - 8, -2*z - 24 = 2*s. 